are the prime factors of 30169964?
2, 11, 269, 2549
List the prime factors of 2460509636.
2, 13, 47317493
What are the prime factors of 55248411?
3, 18416137
What are the prime factors of 1085417877?
3, 361805959
What are the prime factors of 1133722?
2, 359, 1579
List the prime factors of 283678535.
5, 7, 131, 61871
List the prime factors of 114085305.
3, 5, 1031, 2459
What are the prime factors of 132945535?
5, 61, 401, 1087
What are the prime factors of 1138687120?
2, 5, 421, 33809
List the prime factors of 318358505.
5, 63671701
What are the prime factors of 522365319?
3, 7, 937, 8849
List the prime factors of 28899700.
2, 5, 288997
What are the prime factors of 197488224?
2, 3, 685723
List the prime factors of 24911163.
3, 139, 19913
List the prime factors of 423403641.
3, 277, 169837
What are the prime factors of 404759510?
2, 5, 109, 371339
What are the prime factors of 1317432487?
7, 223, 263, 3209
What are the prime factors of 35589697?
11, 13, 248879
List the prime factors of 1892427729.
3, 223, 2828741
List the prime factors of 5672121552.
2, 3, 486293
What are the prime factors of 396566459?
396566459
What are the prime factors of 31399047?
3, 3488783
What are the prime factors of 1474376491?
7, 210625213
List the prime factors of 1589578471.
13, 122275267
List the prime factors of 48713697.
3, 239, 7549
List the prime factors of 41853190.
2, 5, 43, 131, 743
List the prime factors of 176037129.
3, 19559681
What are the prime factors of 319781591?
41, 107, 72893
What are the prime factors of 6209072335?
5, 97, 797, 16063
What are the prime factors of 35106034?
2, 19, 53, 17431
List the prime factors of 4830140807.
4830140807
What are the prime factors of 7625773225?
5, 7, 79, 11257
List the prime factors of 22938193.
22938193
What are the prime factors of 17217547?
23, 748589
What are the prime factors of 3894112861?
1447, 2691163
What are the prime factors of 100298402?
2, 17, 2949953
List the prime factors of 162917508.
2, 3, 13, 1044343
What are the prime factors of 20950713?
3, 7, 41, 8111
List the prime factors of 369398393.
7, 13, 53, 191, 401
List the prime factors of 586801508.
2, 229, 640613
What are the prime factors of 4775338316?
2, 7, 24363971
List the prime factors of 2402430130.
2, 5, 139, 467, 3701
List the prime factors of 3554548.
2, 888637
List the prime factors of 71736752.
2, 1277, 3511
List the prime factors of 48688724.
2, 7, 31, 56093
What are the prime factors of 25624924?
2, 13, 179, 2753
List the prime factors of 5848361.
5848361
List the prime factors of 2563806290.
2, 5, 47, 563, 9689
What are the prime factors of 373261209?
3, 83, 1499041
List the prime factors of 736174307.
11, 17, 1787, 2203
List the prime factors of 5767877.
5767877
What are the prime factors of 558716723?
558716723
What are the prime factors of 346242219?
3, 83, 331, 4201
List the prime factors of 2400709191.
3, 10253, 78049
List the prime factors of 207875518.
2, 23, 1229, 3677
What are the prime factors of 189786233?
7, 13, 521, 4003
List the prime factors of 58972824.
2, 3, 89, 9203
List the prime factors of 59257457.
7, 131, 64621
What are the prime factors of 3793881660?
2, 3, 5, 63231361
What are the prime factors of 18215450?
2, 5, 11, 33119
List the prime factors of 53772210.
2, 3, 5, 53, 11273
List the prime factors of 1975592397.
3, 31, 499, 42571
What are the prime factors of 56273132?
2, 401, 35083
What are the prime factors of 102246324?
2, 3, 8520527
List the prime factors of 65182497.
3, 41, 529939
What are the prime factors of 1453892210?
2, 5, 145389221
What are the prime factors of 19000277?
23, 37, 83, 269
What are the prime factors of 421702768?
2, 53, 497291
What are the prime factors of 30345118?
2, 15172559
What are the prime factors of 42429681?
3, 7, 673487
List the prime factors of 141266953.
277, 509989
List the prime factors of 3846753563.
337, 11414699
What are the prime factors of 79037537?
5849, 13513
What are the prime factors of 66335322?
2, 3, 11055887
List the prime factors of 13575189.
3, 37, 122299
List the prime factors of 566175022.
2, 7, 349, 115877
What are the prime factors of 128289353?
941, 136333
List the prime factors of 503123195.
5, 1657, 60727
What are the prime factors of 672778730?
2, 5, 13, 283, 18287
What are the prime factors of 58614854?
2, 5351, 5477
List the prime factors of 60964027.
19, 109, 29437
What are the prime factors of 34465619?
34465619
What are the prime factors of 1147455778?
2, 7, 163, 502829
List the prime factors of 132991912.
2, 29, 37, 15493
What are the prime factors of 985954112?
2, 11, 13, 8287
What are the prime factors of 257140626?
2, 3, 173, 191, 1297
List the prime factors of 768767453.
73, 10531061
List the prime factors of 336325172.
2, 587, 143239
What are the prime factors of 85193431?
85193431
List the prime factors of 153472865.
5, 7, 13, 59, 5717
List the prime factors of 390985594.
2, 41, 139, 34303
What are the prime factors of 46310274?
2, 3, 29, 79, 1123
List the prime factors of 341204213.
7, 167, 291877
List the prime factors of 49523988.
2, 3, 31, 67, 1987
What are the prime factors of 230872726?
2, 7, 16490909
What are the prime factors of 74388516?
2, 3, 6199043
What are the prime factors of 85826736?
2, 3, 198673
What are the prime factors of 30407822?
2, 15203911
List the prime factors of 132569571.
3, 937, 47161
What are the prime factors of 2637560450?
2, 5, 7, 7535887
What are the prime factors of 87359242?
2, 2927, 14923
What are the prime factors of 6878650200?
2, 3, 5, 127, 90271
List the prime factors of 30928669.
31, 997699
List the prime factors of 1398926371.
1398926371
List the prime factors of 55128908.
2, 571, 24137
List the prime factors of 2011755913.
2011755913
What are the prime factors of 192534513?
3, 47, 151, 9043
What are the prime factors of 460038350?
2, 5, 47, 195761
What are the prime factors of 229259345?
5, 7, 6550267
What are the prime factors of 1070098473?
3, 17, 43, 67, 7283
List the prime factors of 278808594.
2, 3, 271, 171469
List the prime factors of 2200939531.
7, 314419933
List the prime factors of 455370234.
2, 3, 11, 907, 7607
List the prime factors of 1604628611.
97, 839, 19717
What are the prime factors of 156920540?
2, 5, 7, 17, 9419
List the prime factors of 18141517.
18141517
What are the prime factors of 13830183?
3, 113, 1511
List the prime factors of 1546886600.
2, 5, 7, 1104919
What are the prime factors of 2358544773?
3, 13, 347, 174281
What are the prime factors of 36718188?
2, 3, 13, 53, 4441
List the prime factors of 148494825.
3, 5, 41, 16097
What are the prime factors of 2694979065?
3, 5, 179665271
List the prime factors of 202506553.
151, 1341103
What are the prime factors of 230088370?
2, 5, 17, 53, 25537
What are the prime factors of 69923144?
2, 8740393
What are the prime factors of 92302679?
7, 29, 37, 12289
What are the prime factors of 1728486328?
2, 216060791
List the prime factors of 296131836.
2, 3, 7, 11, 13, 89, 277
What are the prime factors of 112658909?
11, 107, 95717
What are the prime factors of 45282509?
17, 2663677
What are the prime factors of 2253689736?
2, 3, 223, 421093
What are the prime factors of 147008065?
5, 23, 881, 1451
What are the prime factors of 2111704916?
2, 19, 27785591
List the prime factors of 61458668.
2, 23, 668029
List the prime factors of 11387625.
3, 5, 30367
What are the prime factors of 1784586140?
2, 5, 563, 158489
What are the prime factors of 129545670?
2, 3, 5, 43, 233, 431
List the prime factors of 3872978029.
17, 8783, 25939
List the prime factors of 4604403249.
3, 53, 182129
List the prime factors of 60450654.
2, 3, 11, 915919
What are the prime factors of 2106029251?
47, 113, 396541
What are the prime factors of 3693889557?
3, 17, 24143069
List the prime factors of 142216756.
2, 11, 3232199
What are the prime factors of 1741053747?
3, 23, 1811, 13933
List the prime factors of 29571835.
5, 1087, 5441
List the prime factors of 4139723.
7, 107, 5527
List the prime factors of 251304726.
2, 3, 41884121
What are the prime factors of 651656543?
37, 79, 222941
What are the prime factors of 701044195?
5, 59, 2376421
What are the prime factors of 507656154?
2, 3, 53, 283, 5641
What are the prime factors of 2071246373?
7, 19, 1557328